{"id":2,"date":"2016-03-11T12:30:16","date_gmt":"2016-03-11T12:30:16","guid":{"rendered":"http:\/\/quadriphoniedotcom.wordpress.com\/?page_id=1"},"modified":"2021-05-16T19:22:25","modified_gmt":"2021-05-16T17:22:25","slug":"a-propos","status":"publish","type":"page","link":"http:\/\/edmaurer.com\/index.php\/a-propos\/","title":{"rendered":""},"content":{"rendered":"\n<p><\/p>\n\n\n<p>Edouard Maurer<br \/>37bis impasse rue du Th\u00e9ron<br \/>81200 Mazamet<br \/>+33.(0)7.82.64.56.96<br \/>emaurer@free.fr<\/p>\n<p>SIRET : 33415748400034<\/p>\n<p><img decoding=\"async\" loading=\"lazy\" class=\"alignnone size-full wp-image-4\" src=\"https:\/\/quadriphoniedotcom.files.wordpress.com\/2016\/03\/ed_godin.jpg\" alt=\"Ed_godin.jpg\" width=\"960\" height=\"641\" \/><\/p>\n<p>CV :\u00a0<a href=\"https:\/\/quadriphoniedotcom.files.wordpress.com\/2017\/12\/cv-fr-ed-maurer.pdf\">CV FR Ed Maurer<\/a><\/p>\n<p><strong>Mon parcours :<\/strong><br \/>Ancien \u00e9l\u00e8ve du conservatoire de Belfort, je me suis d&rsquo;abord tourn\u00e9 vers l&rsquo;enseignement, en cr\u00e9ant le \u00ab\u00a0Studio\u00a0Guitare\u00a0\u00bb \u00e0 Mulhouse.<br \/>C\u00f4t\u00e9 sc\u00e9nique, je rejoins un des groupes les plus influents de la sc\u00e8ne Alsacienne:\u00a0\u00ab\u00a0Orient Blues\u00a0\u00bb.<\/p>\n<p>En 1990, je fonde le quartet <strong>\u00ab\u00a0Zed\u00a0\u00bb<\/strong>, qui servira de base \u00e0 l&rsquo;\u00e9laboration du spectacle multi-arts international<strong>\u00a0\u00ab\u00a0L&rsquo;individu dans tous ses \u00e9tats\u00a0\u00bb<\/strong> diffus\u00e9 \u00e0 Montr\u00e9al et \u00e0 l&rsquo;ouverture de la sc\u00e8ne nationale \u00ab\u00a0La filature\u00a0\u00bb, \u00e0 Mulhouse. J&rsquo;en compose aussi la<strong> bande-son quadriphonique<\/strong> et en assure la direction artistique.<br \/>Le groupe cr\u00e9e une\u00a0<strong>action artistique en milieu carc\u00e9ral<\/strong> et enregistre son album dans la prison de Mulhouse. Nait ensuite le\u00a0groupe <strong>\u00ab\u00a0Los Pinguinos\u00a0\u00bb<\/strong> avec Karine Verg\u00e8s et Agn\u00e8s Tihov, du duo \u00ab\u00a0Les Kag\u00a0\u00bb, produisant un concert\u00a0remarqu\u00e9 en cl\u00f4ture du <strong>festival d&rsquo;Aurillac.<\/strong><\/p>\n<p>Depuis 2000, j&rsquo;ai <strong>produit, enregistr\u00e9, assur\u00e9 la direction artistique de plus de 10 CD&rsquo;s<\/strong> d&rsquo;artistes de tous horizons. (Gael et les anges, Lolo Robas, Le point G, l&rsquo;album solo \u00ab\u00a0Muse\u00a0\u00bb, Alex Tissot Jazztet, festival \u00ab\u00a0Graffenlive\u00a0\u00bb, Fran\u00e7ois BK&#8230;.) et organis\u00e9 des concerts en France et en Asie.<\/p>\n<p><strong>L&rsquo;Asie fut une \u00e9tape importante,<\/strong> j&rsquo;ai accompagn\u00e9 l&rsquo;essor d&rsquo;une <a href=\"http:\/\/www.pison.kr\/about.html\">start-up Cor\u00e9enne<\/a> dans la <strong>distribution num\u00e9rique<\/strong> de musique, organis\u00e9 et particip\u00e9 \u00e0 des concerts \u00e0 Seoul dans la musique classique (Pierre Laniau) et le jazz (Eric Lotz), ainsi que le venue du groupe \u00ab\u00a0Clan Tamong\u00a0\u00bb en France. (2007 &#8211; 2011)<\/p>\n<p><strong>Le son<\/strong>, sous tous ses aspects, m&rsquo;a toujours passionn\u00e9. Cette passion de l&rsquo;\u00e9tude du son m&rsquo;a amen\u00e9 \u00e0 cr\u00e9er le projet <a href=\"http:\/\/acousticdesign.fr\/\">\u00ab\u00a0acousticdesign\u00a0\u00bb<\/a>, se focalisant sur les <strong>corrections acoustiques<\/strong> d&rsquo;un environnement int\u00e9rieur. (depuis 2012)<\/p>\n<p>Toujours dans l&rsquo;aspect sonore, je me suis remis \u00e0 la composition gr\u00e2ce au projet quadriphonique<strong> \u00ab\u00a0P\u00e9r\u00e9grination\u00a0\u00bb<\/strong>, qui s&rsquo;est \u00e9tendu gr\u00e2ce \u00e0 de nouveaux partenariats, rencontres musicales, et nouvelles compositions. (depuis 2015)<\/p>\n<p>Les demandes \u00e9tant fortes, j&rsquo;ai repris avec plaisir les activit\u00e9s<strong> d&rsquo;arrangements, de mixages, mastering et de gestions de projets musicaux<\/strong> dans des genres aussi vari\u00e9s que la chanson fran\u00e7aise (Fran\u00e7ois BK), le Jazz (Alex Tissot Jazztet) ou le m\u00e9tal (Julien Fey) (depuis 2016)<\/p>\n<p>Enfin, j&rsquo;ai d\u00e9cid\u00e9 que les cordonniers n&rsquo;\u00e9taient pas condamn\u00e9s \u00e0 \u00eatre les plus mal chauss\u00e9s, et je me suis concentr\u00e9 sur la production de <strong>mon album perso \u00ab\u00a0Eclectic\u00a0\u00bb<\/strong> sorti en Mars 2020, tout en configurant la correction acoustique et l&rsquo;\u00e9quipement de mon studio <strong>Nobox.<\/strong><\/p>\n<p><strong>La suite ?<\/strong><\/p>\n<p><span style=\"font-family: Arial, sans-serif;\">&#8211; <\/span><span style=\"font-family: Arial, sans-serif;\">Mixages et distributions en 5.1 <\/span><span style=\"font-family: Arial, sans-serif;\">de tous les albums que j&rsquo;ai produits, <\/span><\/p>\n<p><span style=\"font-family: Arial, sans-serif;\">&#8211; Pr\u00e9paration d&rsquo;une <\/span><span style=\"font-family: Arial, sans-serif;\">r\u00e9sidence d&rsquo;artistes<\/span><span style=\"font-family: Arial, sans-serif;\"> autour du r\u00e9pertoire de l&rsquo;album \u00ab\u00a0Eclectic\u00a0\u00bb avec ma dreamteam de 7 musiciens, 1 ing\u00e9-son et 1 ing\u00e9-lumi\u00e8re en 2021, avant concerts et tourn\u00e9es.<\/span><\/p>\n<p><span style=\"font-family: Arial, sans-serif;\">&#8211; Programme de <\/span><span style=\"font-family: Arial, sans-serif;\">formations en MAO<\/span><span style=\"font-family: Arial, sans-serif;\"> destin\u00e9 aux home-studistes<\/span><\/p>\n<p><strong>Stay tuned !<\/strong><\/p>\n<p>\u00a0<\/p>","protected":false},"excerpt":{"rendered":"<p>Edouard Maurer37bis impasse rue du Th\u00e9ron81200 Mazamet+33.(0)7.82.64.56.96emaurer@free.fr SIRET : 33415748400034 CV :\u00a0CV FR Ed Maurer Mon parcours :Ancien \u00e9l\u00e8ve du conservatoire de Belfort, je me suis d&rsquo;abord tourn\u00e9 vers l&rsquo;enseignement, en cr\u00e9ant le \u00ab\u00a0Studio\u00a0Guitare\u00a0\u00bb \u00e0 Mulhouse.C\u00f4t\u00e9 sc\u00e9nique, je rejoins un des groupes les plus influents de la sc\u00e8ne Alsacienne:\u00a0\u00ab\u00a0Orient Blues\u00a0\u00bb. En 1990, je fonde le [&hellip;]<\/p>\n","protected":false},"author":1,"featured_media":0,"parent":0,"menu_order":5,"comment_status":"open","ping_status":"open","template":"","meta":[],"_links":{"self":[{"href":"http:\/\/edmaurer.com\/index.php\/wp-json\/wp\/v2\/pages\/2"}],"collection":[{"href":"http:\/\/edmaurer.com\/index.php\/wp-json\/wp\/v2\/pages"}],"about":[{"href":"http:\/\/edmaurer.com\/index.php\/wp-json\/wp\/v2\/types\/page"}],"author":[{"embeddable":true,"href":"http:\/\/edmaurer.com\/index.php\/wp-json\/wp\/v2\/users\/1"}],"replies":[{"embeddable":true,"href":"http:\/\/edmaurer.com\/index.php\/wp-json\/wp\/v2\/comments?post=2"}],"version-history":[{"count":7,"href":"http:\/\/edmaurer.com\/index.php\/wp-json\/wp\/v2\/pages\/2\/revisions"}],"predecessor-version":[{"id":1373,"href":"http:\/\/edmaurer.com\/index.php\/wp-json\/wp\/v2\/pages\/2\/revisions\/1373"}],"wp:attachment":[{"href":"http:\/\/edmaurer.com\/index.php\/wp-json\/wp\/v2\/media?parent=2"}],"curies":[{"name":"wp","href":"https:\/\/api.w.org\/{rel}","templated":true}]}}

<p></p>


<p>Edouard Maurer<br />37bis impasse rue du Théron<br />81200 Mazamet<br />+33.(0)7.82.64.56.96<br />emaurer@free.fr</p>
<p>SIRET : 33415748400034</p>
<p><img decoding="async" loading="lazy" class="alignnone size-full wp-image-4" src="https://quadriphoniedotcom.files.wordpress.com/2016/03/ed_godin.jpg" alt="Ed_godin.jpg" width="960" height="641" /></p>
<p>CV : <a href="https://quadriphoniedotcom.files.wordpress.com/2017/12/cv-fr-ed-maurer.pdf">CV FR Ed Maurer</a></p>
<p><strong>Mon parcours :</strong><br />Ancien élève du conservatoire de Belfort, je me suis d&rsquo;abord tourné vers l&rsquo;enseignement, en créant le « Studio Guitare » à Mulhouse.<br />Côté scénique, je rejoins un des groupes les plus influents de la scène Alsacienne: « Orient Blues ».</p>
<p>En 1990, je fonde le quartet <strong>« Zed »</strong>, qui servira de base à l&rsquo;élaboration du spectacle multi-arts international<strong> « L&rsquo;individu dans tous ses états »</strong> diffusé à Montréal et à l&rsquo;ouverture de la scène nationale « La filature », à Mulhouse. J&rsquo;en compose aussi la<strong> bande-son quadriphonique</strong> et en assure la direction artistique.<br />Le groupe crée une <strong>action artistique en milieu carcéral</strong> et enregistre son album dans la prison de Mulhouse. Nait ensuite le groupe <strong>« Los Pinguinos »</strong> avec Karine Vergès et Agnès Tihov, du duo « Les Kag », produisant un concert remarqué en clôture du <strong>festival d&rsquo;Aurillac.</strong></p>
<p>Depuis 2000, j&rsquo;ai <strong>produit, enregistré, assuré la direction artistique de plus de 10 CD&rsquo;s</strong> d&rsquo;artistes de tous horizons. (Gael et les anges, Lolo Robas, Le point G, l&rsquo;album solo « Muse », Alex Tissot Jazztet, festival « Graffenlive », François BK&#8230;.) et organisé des concerts en France et en Asie.</p>
<p><strong>L&rsquo;Asie fut une étape importante,</strong> j&rsquo;ai accompagné l&rsquo;essor d&rsquo;une <a href="http://www.pison.kr/about.html">start-up Coréenne</a> dans la <strong>distribution numérique</strong> de musique, organisé et participé à des concerts à Seoul dans la musique classique (Pierre Laniau) et le jazz (Eric Lotz), ainsi que le venue du groupe « Clan Tamong » en France. (2007 &#8211; 2011)</p>
<p><strong>Le son</strong>, sous tous ses aspects, m&rsquo;a toujours passionné. Cette passion de l&rsquo;étude du son m&rsquo;a amené à créer le projet <a href="http://acousticdesign.fr/">« acousticdesign »</a>, se focalisant sur les <strong>corrections acoustiques</strong> d&rsquo;un environnement intérieur. (depuis 2012)</p>
<p>Toujours dans l&rsquo;aspect sonore, je me suis remis à la composition grâce au projet quadriphonique<strong> « Pérégrination »</strong>, qui s&rsquo;est étendu grâce à de nouveaux partenariats, rencontres musicales, et nouvelles compositions. (depuis 2015)</p>
<p>Les demandes étant fortes, j&rsquo;ai repris avec plaisir les activités<strong> d&rsquo;arrangements, de mixages, mastering et de gestions de projets musicaux</strong> dans des genres aussi variés que la chanson française (François BK), le Jazz (Alex Tissot Jazztet) ou le métal (Julien Fey) (depuis 2016)</p>
<p>Enfin, j&rsquo;ai décidé que les cordonniers n&rsquo;étaient pas condamnés à être les plus mal chaussés, et je me suis concentré sur la production de <strong>mon album perso « Eclectic »</strong> sorti en Mars 2020, tout en configurant la correction acoustique et l&rsquo;équipement de mon studio <strong>Nobox.</strong></p>
<p><strong>La suite ?</strong></p>
<p><span style="font-family: Arial, sans-serif;">&#8211; </span><span style="font-family: Arial, sans-serif;">Mixages et distributions en 5.1 </span><span style="font-family: Arial, sans-serif;">de tous les albums que j&rsquo;ai produits, </span></p>
<p><span style="font-family: Arial, sans-serif;">&#8211; Préparation d&rsquo;une </span><span style="font-family: Arial, sans-serif;">résidence d&rsquo;artistes</span><span style="font-family: Arial, sans-serif;"> autour du répertoire de l&rsquo;album « Eclectic » avec ma dreamteam de 7 musiciens, 1 ingé-son et 1 ingé-lumière en 2021, avant concerts et tournées.</span></p>
<p><span style="font-family: Arial, sans-serif;">&#8211; Programme de </span><span style="font-family: Arial, sans-serif;">formations en MAO</span><span style="font-family: Arial, sans-serif;"> destiné aux home-studistes</span></p>
<p><strong>Stay tuned !</strong></p>
<p> </p>

<p>Edouard Maurer37bis impasse rue du Théron81200 Mazamet+33.(0)7.82.64.56.96emaurer@free.fr SIRET : 33415748400034 CV : CV FR Ed Maurer Mon parcours :Ancien élève du conservatoire de Belfort, je me suis d&rsquo;abord tourné vers l&rsquo;enseignement, en créant le « Studio Guitare » à Mulhouse.Côté scénique, je rejoins un des groupes les plus influents de la scène Alsacienne: « Orient Blues ». En 1990, je fonde le [&hellip;]</p>
